{"id":690,"date":"2020-04-07T09:37:49","date_gmt":"2020-04-07T09:37:49","guid":{"rendered":"https:\/\/ramiengala.de\/?page_id=690"},"modified":"2020-04-07T09:51:03","modified_gmt":"2020-04-07T09:51:03","slug":"gartengestaltung","status":"publish","type":"page","link":"https:\/\/ramiengala.de\/index.php\/gartengestaltung\/","title":{"rendered":"Gartengestaltung"},"content":{"rendered":"<div id='av_section_1'  class='avia-section main_color avia-section-default avia-no-border-styling  avia-full-stretch avia-bg-style-scroll  avia-builder-el-0  el_before_av_heading  avia-builder-el-first   av-minimum-height av-minimum-height-custom  container_wrap fullsize' style='background-repeat: no-repeat; background-image: url(https:\/\/ramiengala.de\/wp-content\/uploads\/2020\/04\/garden-2040714_1920_.jpg);background-attachment: scroll; background-position: top left;  '  data-section-bg-repeat='stretch'><div class='container' style='height:500px'><main  role=\"main\" itemprop=\"mainContentOfPage\"  class='template-page content  av-content-full alpha units'><div class='post-entry post-entry-type-page post-entry-690'><div class='entry-content-wrapper clearfix'><\/div><\/div><\/main><!-- close content main element --><\/div><\/div><div id='after_section_1'  class='main_color av_default_container_wrap container_wrap fullsize' style=' '  ><div class='container' ><div class='template-page content  av-content-full alpha units'><div class='post-entry post-entry-type-page post-entry-690'><div class='entry-content-wrapper clearfix'>\n<div  style='padding-bottom:10px; color:#83a846;' class='av-special-heading av-special-heading-h2 custom-color-heading blockquote classic-quote  avia-builder-el-1  el_after_av_section  el_before_av_textblock  avia-builder-el-first  '><h2 class='av-special-heading-tag '  itemprop=\"headline\"  >Gartengestaltung<\/h2><div class='special-heading-border'><div class='special-heading-inner-border' style='border-color:#83a846'><\/div><\/div><\/div>\n<section class=\"av_textblock_section \"  itemscope=\"itemscope\" itemtype=\"https:\/\/schema.org\/CreativeWork\" ><div class='avia_textblock  '   itemprop=\"text\" ><p>Klicke hier, um Ihren eigenen Text einzuf\u00fcgen<\/p>\n<\/div><\/section>\n<\/div><\/div><\/div><!-- close content main div --><\/div><\/div><div id='av_section_2'  class='avia-section main_color avia-section-default avia-no-border-styling  avia-full-stretch av-parallax-section avia-bg-style-parallax  avia-builder-el-3  el_after_av_textblock  el_before_av_horizontal_gallery   av-minimum-height av-minimum-height-custom  container_wrap fullsize' style=' '  data-section-bg-repeat='stretch'><div class='av-parallax' data-avia-parallax-ratio='0.3' ><div class='av-parallax-inner main_color  avia-full-stretch' style = 'background-repeat: no-repeat; background-image: url(https:\/\/ramiengala.de\/wp-content\/uploads\/2020\/04\/garden-2040714_1920_1.jpg);background-attachment: scroll; background-position: top center; ' ><\/div><\/div><div class='container' style='height:50px'><div class='template-page content  av-content-full alpha units'><div class='post-entry post-entry-type-page post-entry-690'><div class='entry-content-wrapper clearfix'>\n<div  style='padding-bottom:10px; color:#ffffff;' class='av-special-heading av-special-heading-h1 custom-color-heading blockquote modern-quote modern-centered  avia-builder-el-4  avia-builder-el-no-sibling  av-linked-heading '><h1 class='av-special-heading-tag '  itemprop=\"headline\"  ><a href=\"https:\/\/ramiengala.de\/index.php\/gartengestaltung\/\">Gartengestaltung<\/a><\/h1><div class='special-heading-border'><div class='special-heading-inner-border' style='border-color:#ffffff'><\/div><\/div><\/div>\n\n<div  class='av-horizontal-gallery av-horizontal-gallery-large-gap av-horizontal-gallery-enlarge-effect av-horizontal-gallery-1  avia-builder-el-5  el_after_av_section  avia-builder-el-last  av-control-default '  itemprop=\"image\" itemscope=\"itemscope\" itemtype=\"https:\/\/schema.org\/ImageObject\"  style='padding: 2.25% 0px;' data-av-enlarge='1.3'  ><div class='avia-slideshow-arrows avia-slideshow-controls'><a href='#prev' class='prev-slide av-horizontal-gallery-prev' aria-hidden='true' data-av_icon='\ue87c' data-av_iconfont='entypo-fontello'>Zur\u00fcck<\/a><a href='#next' class='next-slide av-horizontal-gallery-next' aria-hidden='true' data-av_icon='\ue87d' data-av_iconfont='entypo-fontello'>Weiter <\/a><\/div><div class='av-horizontal-gallery-inner' style='padding-bottom:15%' data-av-height='15'><div class='av-horizontal-gallery-slider'><div class='av-horizontal-gallery-wrap noHover'><img class='av-horizontal-gallery-img' width='960' height='720' src='https:\/\/ramiengala.de\/wp-content\/uploads\/2020\/01\/Udo-Ramien-Galabau-Oldenburg-Beetanlage-Arbeiten-fb.jpg' title='Udo Ramien Galabau Oldenburg Beetanlage Heiligengeiststra\u00dfe in Oldenburg' alt='g\u00e4rtner ramiengala heiligengeiststra\u00dfe oldenburg' \/><a href='https:\/\/ramiengala.de\/wp-content\/uploads\/2020\/01\/Udo-Ramien-Galabau-Oldenburg-Beetanlage-Arbeiten-fb.jpg'  class='av-horizontal-gallery-link' aria-hidden='true' data-av_icon='\ue869' data-av_iconfont='entypo-fontello' title='Udo Ramien Galabau Oldenburg Beetanlage Heiligengeiststra\u00dfe in Oldenburg'><\/a><\/div><div class='av-horizontal-gallery-wrap noHover'><img class='av-horizontal-gallery-img' width='720' height='960' src='https:\/\/ramiengala.de\/wp-content\/uploads\/2020\/01\/Udo-Ramien-Galabau-Oldenburg-Beetanlage-Fussg\u00e4ngerzone.jpg' title='Udo Ramien Galabau Oldenburg Beetanlage Fussg\u00e4ngerzone' alt='' \/><a href='https:\/\/ramiengala.de\/wp-content\/uploads\/2020\/01\/Udo-Ramien-Galabau-Oldenburg-Beetanlage-Fussg\u00e4ngerzone.jpg'  class='av-horizontal-gallery-link' aria-hidden='true' data-av_icon='\ue869' data-av_iconfont='entypo-fontello' title='Udo Ramien Galabau Oldenburg Beetanlage Fussg\u00e4ngerzone'><\/a><\/div><div class='av-horizontal-gallery-wrap noHover'><img class='av-horizontal-gallery-img' width='960' height='720' src='https:\/\/ramiengala.de\/wp-content\/uploads\/2020\/01\/Udo-Ramien-Galabau-Oldenburg-Baumsicht-von-oben-fb.jpg' title='Udo Ramien Galabau Oldenburg Baumsicht von oben fb' alt='' \/><a href='https:\/\/ramiengala.de\/wp-content\/uploads\/2020\/01\/Udo-Ramien-Galabau-Oldenburg-Baumsicht-von-oben-fb.jpg'  class='av-horizontal-gallery-link' aria-hidden='true' data-av_icon='\ue869' data-av_iconfont='entypo-fontello' title='Udo Ramien Galabau Oldenburg Baumsicht von oben fb'><\/a><\/div><\/div><\/div><\/div>\n","protected":false},"excerpt":{"rendered":"","protected":false},"author":2,"featured_media":0,"parent":0,"menu_order":0,"comment_status":"closed","ping_status":"closed","template":"","meta":{"_seopress_robots_primary_cat":"","_seopress_titles_title":"","_seopress_titles_desc":"","_seopress_robots_index":"","footnotes":""},"class_list":["post-690","page","type-page","status-publish","hentry"],"_links":{"self":[{"href":"https:\/\/ramiengala.de\/index.php\/wp-json\/wp\/v2\/pages\/690"}],"collection":[{"href":"https:\/\/ramiengala.de\/index.php\/wp-json\/wp\/v2\/pages"}],"about":[{"href":"https:\/\/ramiengala.de\/index.php\/wp-json\/wp\/v2\/types\/page"}],"author":[{"embeddable":true,"href":"https:\/\/ramiengala.de\/index.php\/wp-json\/wp\/v2\/users\/2"}],"replies":[{"embeddable":true,"href":"https:\/\/ramiengala.de\/index.php\/wp-json\/wp\/v2\/comments?post=690"}],"version-history":[{"count":10,"href":"https:\/\/ramiengala.de\/index.php\/wp-json\/wp\/v2\/pages\/690\/revisions"}],"predecessor-version":[{"id":719,"href":"https:\/\/ramiengala.de\/index.php\/wp-json\/wp\/v2\/pages\/690\/revisions\/719"}],"wp:attachment":[{"href":"https:\/\/ramiengala.de\/index.php\/wp-json\/wp\/v2\/media?parent=690"}],"curies":[{"name":"wp","href":"https:\/\/api.w.org\/{rel}","templated":true}]}}

<div id='av_section_1'  class='avia-section main_color avia-section-default avia-no-border-styling  avia-full-stretch avia-bg-style-scroll  avia-builder-el-0  el_before_av_heading  avia-builder-el-first   av-minimum-height av-minimum-height-custom  container_wrap fullsize' style='background-repeat: no-repeat; background-image: url(https://ramiengala.de/wp-content/uploads/2020/04/garden-2040714_1920_.jpg);background-attachment: scroll; background-position: top left;  '  data-section-bg-repeat='stretch'><div class='container' style='height:500px'><main  role="main" itemprop="mainContentOfPage"  class='template-page content  av-content-full alpha units'><div class='post-entry post-entry-type-page post-entry-690'><div class='entry-content-wrapper clearfix'></div></div></main><!-- close content main element --></div></div><div id='after_section_1'  class='main_color av_default_container_wrap container_wrap fullsize' style=' '  ><div class='container' ><div class='template-page content  av-content-full alpha units'><div class='post-entry post-entry-type-page post-entry-690'><div class='entry-content-wrapper clearfix'>
<div  style='padding-bottom:10px; color:#83a846;' class='av-special-heading av-special-heading-h2 custom-color-heading blockquote classic-quote  avia-builder-el-1  el_after_av_section  el_before_av_textblock  avia-builder-el-first  '><h2 class='av-special-heading-tag '  itemprop="headline"  >Gartengestaltung</h2><div class='special-heading-border'><div class='special-heading-inner-border' style='border-color:#83a846'></div></div></div>
<section class="av_textblock_section "  itemscope="itemscope" itemtype="https://schema.org/CreativeWork" ><div class='avia_textblock  '   itemprop="text" ><p>Klicke hier, um Ihren eigenen Text einzufügen</p>
</div></section>
</div></div></div><!-- close content main div --></div></div><div id='av_section_2'  class='avia-section main_color avia-section-default avia-no-border-styling  avia-full-stretch av-parallax-section avia-bg-style-parallax  avia-builder-el-3  el_after_av_textblock  el_before_av_horizontal_gallery   av-minimum-height av-minimum-height-custom  container_wrap fullsize' style=' '  data-section-bg-repeat='stretch'><div class='av-parallax' data-avia-parallax-ratio='0.3' ><div class='av-parallax-inner main_color  avia-full-stretch' style = 'background-repeat: no-repeat; background-image: url(https://ramiengala.de/wp-content/uploads/2020/04/garden-2040714_1920_1.jpg);background-attachment: scroll; background-position: top center; ' ></div></div><div class='container' style='height:50px'><div class='template-page content  av-content-full alpha units'><div class='post-entry post-entry-type-page post-entry-690'><div class='entry-content-wrapper clearfix'>
<div  style='padding-bottom:10px; color:#ffffff;' class='av-special-heading av-special-heading-h1 custom-color-heading blockquote modern-quote modern-centered  avia-builder-el-4  avia-builder-el-no-sibling  av-linked-heading '><h1 class='av-special-heading-tag '  itemprop="headline"  ><a href="https://ramiengala.de/index.php/gartengestaltung/">Gartengestaltung</a></h1><div class='special-heading-border'><div class='special-heading-inner-border' style='border-color:#ffffff'></div></div></div>

<div  class='av-horizontal-gallery av-horizontal-gallery-large-gap av-horizontal-gallery-enlarge-effect av-horizontal-gallery-1  avia-builder-el-5  el_after_av_section  avia-builder-el-last  av-control-default '  itemprop="image" itemscope="itemscope" itemtype="https://schema.org/ImageObject"  style='padding: 2.25% 0px;' data-av-enlarge='1.3'  ><div class='avia-slideshow-arrows avia-slideshow-controls'><a href='#prev' class='prev-slide av-horizontal-gallery-prev' aria-hidden='true' data-av_icon='' data-av_iconfont='entypo-fontello'>Zurück</a><a href='#next' class='next-slide av-horizontal-gallery-next' aria-hidden='true' data-av_icon='' data-av_iconfont='entypo-fontello'>Weiter </a></div><div class='av-horizontal-gallery-inner' style='padding-bottom:15%' data-av-height='15'><div class='av-horizontal-gallery-slider'><div class='av-horizontal-gallery-wrap noHover'><img class='av-horizontal-gallery-img' width='960' height='720' src='https://ramiengala.de/wp-content/uploads/2020/01/Udo-Ramien-Galabau-Oldenburg-Beetanlage-Arbeiten-fb.jpg' title='Udo Ramien Galabau Oldenburg Beetanlage Heiligengeiststraße in Oldenburg' alt='gärtner ramiengala heiligengeiststraße oldenburg' /><a href='https://ramiengala.de/wp-content/uploads/2020/01/Udo-Ramien-Galabau-Oldenburg-Beetanlage-Arbeiten-fb.jpg'  class='av-horizontal-gallery-link' aria-hidden='true' data-av_icon='' data-av_iconfont='entypo-fontello' title='Udo Ramien Galabau Oldenburg Beetanlage Heiligengeiststraße in Oldenburg'></a></div><div class='av-horizontal-gallery-wrap noHover'><img class='av-horizontal-gallery-img' width='720' height='960' src='https://ramiengala.de/wp-content/uploads/2020/01/Udo-Ramien-Galabau-Oldenburg-Beetanlage-Fussgängerzone.jpg' title='Udo Ramien Galabau Oldenburg Beetanlage Fussgängerzone' alt='' /><a href='https://ramiengala.de/wp-content/uploads/2020/01/Udo-Ramien-Galabau-Oldenburg-Beetanlage-Fussgängerzone.jpg'  class='av-horizontal-gallery-link' aria-hidden='true' data-av_icon='' data-av_iconfont='entypo-fontello' title='Udo Ramien Galabau Oldenburg Beetanlage Fussgängerzone'></a></div><div class='av-horizontal-gallery-wrap noHover'><img class='av-horizontal-gallery-img' width='960' height='720' src='https://ramiengala.de/wp-content/uploads/2020/01/Udo-Ramien-Galabau-Oldenburg-Baumsicht-von-oben-fb.jpg' title='Udo Ramien Galabau Oldenburg Baumsicht von oben fb' alt='' /><a href='https://ramiengala.de/wp-content/uploads/2020/01/Udo-Ramien-Galabau-Oldenburg-Baumsicht-von-oben-fb.jpg'  class='av-horizontal-gallery-link' aria-hidden='true' data-av_icon='' data-av_iconfont='entypo-fontello' title='Udo Ramien Galabau Oldenburg Baumsicht von oben fb'></a></div></div></div></div>
