{"id":51,"date":"2020-01-29T10:37:29","date_gmt":"2020-01-29T10:37:29","guid":{"rendered":"https:\/\/ramiengala.de\/?page_id=51"},"modified":"2020-02-10T05:33:28","modified_gmt":"2020-02-10T05:33:28","slug":"holzarbeiten","status":"publish","type":"page","link":"https:\/\/ramiengala.de\/index.php\/holzarbeiten\/","title":{"rendered":"Holzarbeiten"},"content":{"rendered":"<div id='av_section_1'  class='avia-section main_color avia-section-default avia-no-border-styling  avia-full-stretch av-parallax-section avia-bg-style-parallax  avia-builder-el-0  el_before_av_heading  avia-builder-el-first   av-minimum-height av-minimum-height-custom  container_wrap fullsize' style=' '  data-section-bg-repeat='stretch'><div class='av-parallax' data-avia-parallax-ratio='0.3' ><div class='av-parallax-inner main_color  avia-full-stretch' style = 'background-repeat: no-repeat; background-image: url(https:\/\/ramiengala.de\/wp-content\/uploads\/2020\/02\/wood-3212803_-scaled.jpg);background-attachment: scroll; background-position: top left; ' ><\/div><\/div><div class='container' style='height:500px'><main  role=\"main\" itemprop=\"mainContentOfPage\"  class='template-page content  av-content-full alpha units'><div class='post-entry post-entry-type-page post-entry-51'><div class='entry-content-wrapper clearfix'><\/div><\/div><\/main><!-- close content main element --><\/div><\/div><div id='after_section_1'  class='main_color av_default_container_wrap container_wrap fullsize' style=' '  ><div class='container' ><div class='template-page content  av-content-full alpha units'><div class='post-entry post-entry-type-page post-entry-51'><div class='entry-content-wrapper clearfix'>\n<div  style='padding-bottom:10px; color:#83a846;' class='av-special-heading av-special-heading-h2 custom-color-heading blockquote classic-quote  avia-builder-el-1  el_after_av_section  el_before_av_textblock  avia-builder-el-first  '><h2 class='av-special-heading-tag '  itemprop=\"headline\"  >Holzarbeiten<\/h2><div class='special-heading-border'><div class='special-heading-inner-border' style='border-color:#83a846'><\/div><\/div><\/div>\n<section class=\"av_textblock_section \"  itemscope=\"itemscope\" itemtype=\"https:\/\/schema.org\/CreativeWork\" ><div class='avia_textblock  '   itemprop=\"text\" ><p>Mit Holz im Garten schaffen Sie lebendige, naturnahe Freir\u00e4ume. Durch Hochbeete, Umrandungen oder Fassadenbegr\u00fcnungen aus Holz erh\u00f6hen Sie die Wohn- und Lebensqualit\u00e4t Ihres Objektes. Setzen Sie mit Holz im Garten besondere Akzente.<\/p>\n<p>Naturnahe Ruhezonen mit Holz und Wasser im gewerblichen Bereich verbessern die Erholungs- und Leistungsf\u00e4higkeit Ihrer Mitarbeiter und auch Holzterrassen, Pergolen oder Rankgitter aus Holz finden im privaten sowie im \u00f6ffentlichen Bereich zunehmend Anwendung. Wir beraten Sie in allen Fragen rund um Holz in Ihrem Garten von Zaunbau bis Spielplatz sind wir Ihr Ansprechpartner, wenn es um die naturnahe Gestaltung Ihres Objektes geht.<\/p>\n<p>Unsere <a href=\"https:\/\/ramiengala.de\/index.php\/leistungen\/\">Leistungen<\/a> sind vielf\u00e4ltig. Vereinbaren Sie noch heute einen Beratungstermin unter <b>Tel.: 0441-83913 <\/b>oder \u00fcber unser <a href=\"https:\/\/ramiengala.de\/index.php\/kontakt\/\">Kontaktformular<\/a>. <b>Wir freuen uns auf Ihre Anfrage!<\/b><\/p>\n<\/div><\/section>\n<div  class='av-horizontal-gallery av-horizontal-gallery-large-gap av-horizontal-gallery-enlarge-effect av-horizontal-gallery-1  avia-builder-el-3  el_after_av_textblock  avia-builder-el-last  av-control-default '  itemprop=\"image\" itemscope=\"itemscope\" itemtype=\"https:\/\/schema.org\/ImageObject\"  style='padding: 2.25% 0px;' data-av-enlarge='1.3'  ><div class='avia-slideshow-arrows avia-slideshow-controls'><a href='#prev' class='prev-slide av-horizontal-gallery-prev' aria-hidden='true' data-av_icon='\ue87c' data-av_iconfont='entypo-fontello'>Zur\u00fcck<\/a><a href='#next' class='next-slide av-horizontal-gallery-next' aria-hidden='true' data-av_icon='\ue87d' data-av_iconfont='entypo-fontello'>Weiter <\/a><\/div><div class='av-horizontal-gallery-inner' style='padding-bottom:15%' data-av-height='15'><div class='av-horizontal-gallery-slider'><div class='av-horizontal-gallery-wrap noHover'><img class='av-horizontal-gallery-img' width='1000' height='667' src='https:\/\/ramiengala.de\/wp-content\/uploads\/2020\/02\/Holzterrasse-am-Wasser-Ramiengala-Oldenburg-Pixabay-Mabel-Amber-still-incognito-wooden-patio.jpg' title='Holzterrasse am Wasser Ramiengala Oldenburg. Foto: Pixabay Mabel Amber, still incognito wooden-patio' alt='holzterrasse am garten foto pixabay mabel amber' \/><a href='https:\/\/ramiengala.de\/wp-content\/uploads\/2020\/02\/Holzterrasse-am-Wasser-Ramiengala-Oldenburg-Pixabay-Mabel-Amber-still-incognito-wooden-patio.jpg'  class='av-horizontal-gallery-link' aria-hidden='true' data-av_icon='\ue869' data-av_iconfont='entypo-fontello' title='Holzterrasse am Wasser Ramiengala Oldenburg. Foto: Pixabay Mabel Amber, still incognito wooden-patio'><\/a><\/div><div class='av-horizontal-gallery-wrap noHover'><img class='av-horizontal-gallery-img' width='768' height='1024' src='https:\/\/ramiengala.de\/wp-content\/uploads\/2020\/01\/Ramien-Gala-Oldenburg-Nachwuchsf\u00f6rderung-fb-768x1024.jpg' title='Udo Ramien Garten- und Landschaftsbau Oldenburg Nachwuchsf\u00f6rderung. Foto: Haferkamp' alt='nachwuchs_am_bagger_ramienala_oldenburg' \/><a href='https:\/\/ramiengala.de\/wp-content\/uploads\/2020\/01\/Ramien-Gala-Oldenburg-Nachwuchsf\u00f6rderung-fb-768x1024.jpg'  class='av-horizontal-gallery-link' aria-hidden='true' data-av_icon='\ue869' data-av_iconfont='entypo-fontello' title='Udo Ramien Garten- und Landschaftsbau Oldenburg Nachwuchsf\u00f6rderung. Foto: Haferkamp'><\/a><\/div><div class='av-horizontal-gallery-wrap noHover'><img class='av-horizontal-gallery-img' width='576' height='1024' src='https:\/\/ramiengala.de\/wp-content\/uploads\/2020\/01\/Ramiengala-Oldenburg-Baumarbeiten-Holz-Baumf\u00e4llung-fb-576x1024.jpg' title='Ramiengala Oldenburg Baumarbeiten Holz Baumf\u00e4llung fb' alt='' \/><a href='https:\/\/ramiengala.de\/wp-content\/uploads\/2020\/01\/Ramiengala-Oldenburg-Baumarbeiten-Holz-Baumf\u00e4llung-fb-576x1024.jpg'  class='av-horizontal-gallery-link' aria-hidden='true' data-av_icon='\ue869' data-av_iconfont='entypo-fontello' title='Ramiengala Oldenburg Baumarbeiten Holz Baumf\u00e4llung fb'><\/a><\/div><div class='av-horizontal-gallery-wrap noHover'><img class='av-horizontal-gallery-img' width='1000' height='522' src='https:\/\/ramiengala.de\/wp-content\/uploads\/2020\/02\/Holz-im-Garten-Pixabay-5397111-garden-2330502_1920.jpg' title='Holz im Garten Stockfoto Garten- und Landschaftsbau Oldenburg . Foto: Pixabay' alt='holz im garten stockfoto pixabay ramiengala oldenburg' \/><a href='https:\/\/ramiengala.de\/wp-content\/uploads\/2020\/02\/Holz-im-Garten-Pixabay-5397111-garden-2330502_1920.jpg'  class='av-horizontal-gallery-link' aria-hidden='true' data-av_icon='\ue869' data-av_iconfont='entypo-fontello' title='Holz im Garten Stockfoto Garten- und Landschaftsbau Oldenburg . Foto: Pixabay'><\/a><\/div><div class='av-horizontal-gallery-wrap noHover'><img class='av-horizontal-gallery-img' width='667' height='1000' src='https:\/\/ramiengala.de\/wp-content\/uploads\/2020\/02\/Ramiengala-Oldenburg-Pixabay-Zaun-fence-4674857_1920.jpg' title='Ramiengala Oldenburg Pixabay Zaun fence-4674857_1920' alt='holzzaun zaunbau oldenburg ramiengala foto pixabay' \/><a href='https:\/\/ramiengala.de\/wp-content\/uploads\/2020\/02\/Ramiengala-Oldenburg-Pixabay-Zaun-fence-4674857_1920.jpg'  class='av-horizontal-gallery-link' aria-hidden='true' data-av_icon='\ue869' data-av_iconfont='entypo-fontello' title='Ramiengala Oldenburg Pixabay Zaun fence-4674857_1920'><\/a><\/div><div class='av-horizontal-gallery-wrap noHover'><img class='av-horizontal-gallery-img' width='1024' height='683' src='https:\/\/ramiengala.de\/wp-content\/uploads\/2020\/02\/fence-4693465_1920-1024x683.jpg' title='Holzz\u00e4une im Garten - Gartenbau + Zaunbau Oldenburg www.Ramiengala.de' alt='holzzaun im garten' \/><a href='https:\/\/ramiengala.de\/wp-content\/uploads\/2020\/02\/fence-4693465_1920-1024x683.jpg'  class='av-horizontal-gallery-link' aria-hidden='true' data-av_icon='\ue869' data-av_iconfont='entypo-fontello' title='Holzz\u00e4une im Garten - Gartenbau + Zaunbau Oldenburg www.Ramiengala.de'><\/a><\/div><\/div><\/div><\/div>\n","protected":false},"excerpt":{"rendered":"","protected":false},"author":2,"featured_media":0,"parent":0,"menu_order":0,"comment_status":"closed","ping_status":"closed","template":"","meta":{"_seopress_robots_primary_cat":"","_seopress_titles_title":"","_seopress_titles_desc":"","_seopress_robots_index":"","footnotes":""},"class_list":["post-51","page","type-page","status-publish","hentry"],"_links":{"self":[{"href":"https:\/\/ramiengala.de\/index.php\/wp-json\/wp\/v2\/pages\/51"}],"collection":[{"href":"https:\/\/ramiengala.de\/index.php\/wp-json\/wp\/v2\/pages"}],"about":[{"href":"https:\/\/ramiengala.de\/index.php\/wp-json\/wp\/v2\/types\/page"}],"author":[{"embeddable":true,"href":"https:\/\/ramiengala.de\/index.php\/wp-json\/wp\/v2\/users\/2"}],"replies":[{"embeddable":true,"href":"https:\/\/ramiengala.de\/index.php\/wp-json\/wp\/v2\/comments?post=51"}],"version-history":[{"count":11,"href":"https:\/\/ramiengala.de\/index.php\/wp-json\/wp\/v2\/pages\/51\/revisions"}],"predecessor-version":[{"id":596,"href":"https:\/\/ramiengala.de\/index.php\/wp-json\/wp\/v2\/pages\/51\/revisions\/596"}],"wp:attachment":[{"href":"https:\/\/ramiengala.de\/index.php\/wp-json\/wp\/v2\/media?parent=51"}],"curies":[{"name":"wp","href":"https:\/\/api.w.org\/{rel}","templated":true}]}}