{"id":45,"date":"2020-01-29T10:37:01","date_gmt":"2020-01-29T10:37:01","guid":{"rendered":"https:\/\/ramiengala.de\/?page_id=45"},"modified":"2020-02-10T05:21:42","modified_gmt":"2020-02-10T05:21:42","slug":"pflasterarbeiten","status":"publish","type":"page","link":"https:\/\/ramiengala.de\/index.php\/pflasterarbeiten\/","title":{"rendered":"Pflasterarbeiten"},"content":{"rendered":"<div id='av_section_1'  class='avia-section main_color avia-section-default avia-no-border-styling  avia-full-stretch av-parallax-section avia-bg-style-parallax  avia-builder-el-0  el_before_av_heading  avia-builder-el-first   av-minimum-height av-minimum-height-custom  container_wrap fullsize' style=' '  data-section-bg-repeat='stretch'><div class='av-parallax' data-avia-parallax-ratio='0.3' ><div class='av-parallax-inner main_color  avia-full-stretch' style = 'background-repeat: no-repeat; background-image: url(https:\/\/ramiengala.de\/wp-content\/uploads\/2020\/02\/pavers-3759887_1920.jpg);background-attachment: scroll; background-position: top left; ' ><\/div><\/div><div class='container' style='height:500px'><main  role=\"main\" itemprop=\"mainContentOfPage\"  class='template-page content  av-content-full alpha units'><div class='post-entry post-entry-type-page post-entry-45'><div class='entry-content-wrapper clearfix'><\/div><\/div><\/main><!-- close content main element --><\/div><\/div><div id='after_section_1'  class='main_color av_default_container_wrap container_wrap fullsize' style=' '  ><div class='container' ><div class='template-page content  av-content-full alpha units'><div class='post-entry post-entry-type-page post-entry-45'><div class='entry-content-wrapper clearfix'>\n<div  style='padding-bottom:10px; color:#83a846;' class='av-special-heading av-special-heading-h2 custom-color-heading blockquote classic-quote  avia-builder-el-1  el_after_av_section  el_before_av_textblock  avia-builder-el-first  '><h2 class='av-special-heading-tag '  itemprop=\"headline\"  >Pflasterarbeiten<\/h2><div class='special-heading-border'><div class='special-heading-inner-border' style='border-color:#83a846'><\/div><\/div><\/div>\n<section class=\"av_textblock_section \"  itemscope=\"itemscope\" itemtype=\"https:\/\/schema.org\/CreativeWork\" ><div class='avia_textblock  '   itemprop=\"text\" ><p>Mit dem passenden Stein wird Ihr Objekt perfekt begehbar. Je nach Anspruch finden wir mit Ihnen den f\u00fcr Ihre Bed\u00fcrfnisse optimalen Stein.<\/p>\n<p>Ob Klinkerpflaster, Natursteinpflaster, Terrassenpflaster, Gartenfliesen, Gro\u00dffl\u00e4chenpflaster f\u00fcr Parkfl\u00e4chen oder auch Kleinpflasterungen f\u00fcr Gartenwege und Einfahrten \u2013 wir beraten Sie umfassend und nehmen Pflasterarbeiten inklusive aller Vor- und Nacharbeiten f\u00fcr Sie vor.<\/p>\n<p>Auch die Instandsetzung oder Neuanlage von wasserungebundenen Wegen inklusive aller notwendigen Tiefbauarbeiten \u2013 unter Ber\u00fccksichtigung der notwendigen Regenwasserabf\u00fchrung von Ihrem Grundst\u00fcck &#8211; und Wegebefestigungen \u00fcbernimmt unser GaLa-Bau-Team.<\/p>\n<p>Natursteinarbeiten, Mosaikpflasterungen und auch Pflasterreinigung und Instandsetzung geh\u00f6ren zu unserem Aufgabenbereich. Gerne beraten wir Sie auch fr\u00fchzeitig bei der Neuanlage Ihres Objektes und arbeite Hand in Hand mit Ihrem Architekten\/Bauleiter.<\/p>\n<p>Unsere <a href=\"https:\/\/ramiengala.de\/index.php\/leistungen\/\">Leistungen<\/a> sind vielf\u00e4ltig. Vereinbaren Sie noch heute einen Beratungstermin unter Tel.: <b>Tel.: 0441-83913 <\/b>oder \u00fcber unser <a href=\"https:\/\/ramiengala.de\/index.php\/kontakt\/\">Kontaktformular<\/a>. <b>Wir freuen uns auf Ihre Anfrage!<\/b><\/p>\n<\/div><\/section>\n<div  class='av-horizontal-gallery av-horizontal-gallery-large-gap av-horizontal-gallery-enlarge-effect av-horizontal-gallery-1  avia-builder-el-3  el_after_av_textblock  avia-builder-el-last  av-control-default '  itemprop=\"image\" itemscope=\"itemscope\" itemtype=\"https:\/\/schema.org\/ImageObject\"  style='padding: 2.25% 0px;' data-av-enlarge='1.3'  ><div class='avia-slideshow-arrows avia-slideshow-controls'><a href='#prev' class='prev-slide av-horizontal-gallery-prev' aria-hidden='true' data-av_icon='\ue87c' data-av_iconfont='entypo-fontello'>Zur\u00fcck<\/a><a href='#next' class='next-slide av-horizontal-gallery-next' aria-hidden='true' data-av_icon='\ue87d' data-av_iconfont='entypo-fontello'>Weiter <\/a><\/div><div class='av-horizontal-gallery-inner' style='padding-bottom:15%' data-av-height='15'><div class='av-horizontal-gallery-slider'><div class='av-horizontal-gallery-wrap noHover'><img class='av-horizontal-gallery-img' width='960' height='720' src='https:\/\/ramiengala.de\/wp-content\/uploads\/2020\/01\/Udo-Ramien-Galabau-Oldenburg-Beetanlage-Arbeiten-fb.jpg' title='Udo Ramien Galabau Oldenburg Beetanlage Heiligengeiststra\u00dfe in Oldenburg' alt='g\u00e4rtner ramiengala heiligengeiststra\u00dfe oldenburg' \/><a href='https:\/\/ramiengala.de\/wp-content\/uploads\/2020\/01\/Udo-Ramien-Galabau-Oldenburg-Beetanlage-Arbeiten-fb.jpg'  class='av-horizontal-gallery-link' aria-hidden='true' data-av_icon='\ue869' data-av_iconfont='entypo-fontello' title='Udo Ramien Galabau Oldenburg Beetanlage Heiligengeiststra\u00dfe in Oldenburg'><\/a><\/div><div class='av-horizontal-gallery-wrap noHover'><img class='av-horizontal-gallery-img' width='960' height='720' src='https:\/\/ramiengala.de\/wp-content\/uploads\/2020\/01\/Udo-Ramien-Galabau-Oldenburg-Gartenneuanlage-2-fb.jpg' title='Udo Ramien Galabau Oldenburg Gartenneuanlage 2 fb' alt='' \/><a href='https:\/\/ramiengala.de\/wp-content\/uploads\/2020\/01\/Udo-Ramien-Galabau-Oldenburg-Gartenneuanlage-2-fb.jpg'  class='av-horizontal-gallery-link' aria-hidden='true' data-av_icon='\ue869' data-av_iconfont='entypo-fontello' title='Udo Ramien Galabau Oldenburg Gartenneuanlage 2 fb'><\/a><\/div><div class='av-horizontal-gallery-wrap noHover'><img class='av-horizontal-gallery-img' width='960' height='720' src='https:\/\/ramiengala.de\/wp-content\/uploads\/2020\/01\/Ramiengala-Oldenburg-Arbeit-mit-Erdsicht-fb.jpg' title='Ramiengala Oldenburg Arbeit mit Erdsicht - Tiefbau Pflasterarbeiten. Foto: Haferkamp' alt='erdarbeiten_mitarbeiter_galabau_ramien_oldenburg_haferkamp' \/><a href='https:\/\/ramiengala.de\/wp-content\/uploads\/2020\/01\/Ramiengala-Oldenburg-Arbeit-mit-Erdsicht-fb.jpg'  class='av-horizontal-gallery-link' aria-hidden='true' data-av_icon='\ue869' data-av_iconfont='entypo-fontello' title='Ramiengala Oldenburg Arbeit mit Erdsicht - Tiefbau Pflasterarbeiten. Foto: Haferkamp'><\/a><\/div><div class='av-horizontal-gallery-wrap noHover'><img class='av-horizontal-gallery-img' width='768' height='1024' src='https:\/\/ramiengala.de\/wp-content\/uploads\/2020\/01\/Ramien-Gala-Oldenburg-Nachwuchsf\u00f6rderung-fb-768x1024.jpg' title='Udo Ramien Garten- und Landschaftsbau Oldenburg Nachwuchsf\u00f6rderung. Foto: Haferkamp' alt='nachwuchs_am_bagger_ramienala_oldenburg' \/><a href='https:\/\/ramiengala.de\/wp-content\/uploads\/2020\/01\/Ramien-Gala-Oldenburg-Nachwuchsf\u00f6rderung-fb-768x1024.jpg'  class='av-horizontal-gallery-link' aria-hidden='true' data-av_icon='\ue869' data-av_iconfont='entypo-fontello' title='Udo Ramien Garten- und Landschaftsbau Oldenburg Nachwuchsf\u00f6rderung. Foto: Haferkamp'><\/a><\/div><div class='av-horizontal-gallery-wrap noHover'><img class='av-horizontal-gallery-img' width='960' height='720' src='https:\/\/ramiengala.de\/wp-content\/uploads\/2020\/01\/Ramiengala-Oldenburg-Terrasse-nachher-fb.jpg' title='Ramiengala Oldenburg Terrasse nachher fb' alt='' \/><a href='https:\/\/ramiengala.de\/wp-content\/uploads\/2020\/01\/Ramiengala-Oldenburg-Terrasse-nachher-fb.jpg'  class='av-horizontal-gallery-link' aria-hidden='true' data-av_icon='\ue869' data-av_iconfont='entypo-fontello' title='Ramiengala Oldenburg Terrasse nachher fb'><\/a><\/div><div class='av-horizontal-gallery-wrap noHover'><img class='av-horizontal-gallery-img' width='720' height='960' src='https:\/\/ramiengala.de\/wp-content\/uploads\/2020\/01\/Udo-Ramien-Galabau-Oldenburg-Beetanlage-Fussg\u00e4ngerzone.jpg' title='Udo Ramien Galabau Oldenburg Beetanlage Fussg\u00e4ngerzone' alt='' \/><a href='https:\/\/ramiengala.de\/wp-content\/uploads\/2020\/01\/Udo-Ramien-Galabau-Oldenburg-Beetanlage-Fussg\u00e4ngerzone.jpg'  class='av-horizontal-gallery-link' aria-hidden='true' data-av_icon='\ue869' data-av_iconfont='entypo-fontello' title='Udo Ramien Galabau Oldenburg Beetanlage Fussg\u00e4ngerzone'><\/a><\/div><\/div><\/div><\/div>\n","protected":false},"excerpt":{"rendered":"","protected":false},"author":2,"featured_media":0,"parent":0,"menu_order":0,"comment_status":"closed","ping_status":"closed","template":"","meta":{"_seopress_robots_primary_cat":"","_seopress_titles_title":"","_seopress_titles_desc":"","_seopress_robots_index":"","footnotes":""},"class_list":["post-45","page","type-page","status-publish","hentry"],"_links":{"self":[{"href":"https:\/\/ramiengala.de\/index.php\/wp-json\/wp\/v2\/pages\/45"}],"collection":[{"href":"https:\/\/ramiengala.de\/index.php\/wp-json\/wp\/v2\/pages"}],"about":[{"href":"https:\/\/ramiengala.de\/index.php\/wp-json\/wp\/v2\/types\/page"}],"author":[{"embeddable":true,"href":"https:\/\/ramiengala.de\/index.php\/wp-json\/wp\/v2\/users\/2"}],"replies":[{"embeddable":true,"href":"https:\/\/ramiengala.de\/index.php\/wp-json\/wp\/v2\/comments?post=45"}],"version-history":[{"count":8,"href":"https:\/\/ramiengala.de\/index.php\/wp-json\/wp\/v2\/pages\/45\/revisions"}],"predecessor-version":[{"id":591,"href":"https:\/\/ramiengala.de\/index.php\/wp-json\/wp\/v2\/pages\/45\/revisions\/591"}],"wp:attachment":[{"href":"https:\/\/ramiengala.de\/index.php\/wp-json\/wp\/v2\/media?parent=45"}],"curies":[{"name":"wp","href":"https:\/\/api.w.org\/{rel}","templated":true}]}}

<div id='av_section_1'  class='avia-section main_color avia-section-default avia-no-border-styling  avia-full-stretch av-parallax-section avia-bg-style-parallax  avia-builder-el-0  el_before_av_heading  avia-builder-el-first   av-minimum-height av-minimum-height-custom  container_wrap fullsize' style=' '  data-section-bg-repeat='stretch'><div class='av-parallax' data-avia-parallax-ratio='0.3' ><div class='av-parallax-inner main_color  avia-full-stretch' style = 'background-repeat: no-repeat; background-image: url(https://ramiengala.de/wp-content/uploads/2020/02/pavers-3759887_1920.jpg);background-attachment: scroll; background-position: top left; ' ></div></div><div class='container' style='height:500px'><main  role="main" itemprop="mainContentOfPage"  class='template-page content  av-content-full alpha units'><div class='post-entry post-entry-type-page post-entry-45'><div class='entry-content-wrapper clearfix'></div></div></main><!-- close content main element --></div></div><div id='after_section_1'  class='main_color av_default_container_wrap container_wrap fullsize' style=' '  ><div class='container' ><div class='template-page content  av-content-full alpha units'><div class='post-entry post-entry-type-page post-entry-45'><div class='entry-content-wrapper clearfix'>
<div  style='padding-bottom:10px; color:#83a846;' class='av-special-heading av-special-heading-h2 custom-color-heading blockquote classic-quote  avia-builder-el-1  el_after_av_section  el_before_av_textblock  avia-builder-el-first  '><h2 class='av-special-heading-tag '  itemprop="headline"  >Pflasterarbeiten</h2><div class='special-heading-border'><div class='special-heading-inner-border' style='border-color:#83a846'></div></div></div>
<section class="av_textblock_section "  itemscope="itemscope" itemtype="https://schema.org/CreativeWork" ><div class='avia_textblock  '   itemprop="text" ><p>Mit dem passenden Stein wird Ihr Objekt perfekt begehbar. Je nach Anspruch finden wir mit Ihnen den für Ihre Bedürfnisse optimalen Stein.</p>
<p>Ob Klinkerpflaster, Natursteinpflaster, Terrassenpflaster, Gartenfliesen, Großflächenpflaster für Parkflächen oder auch Kleinpflasterungen für Gartenwege und Einfahrten – wir beraten Sie umfassend und nehmen Pflasterarbeiten inklusive aller Vor- und Nacharbeiten für Sie vor.</p>
<p>Auch die Instandsetzung oder Neuanlage von wasserungebundenen Wegen inklusive aller notwendigen Tiefbauarbeiten – unter Berücksichtigung der notwendigen Regenwasserabführung von Ihrem Grundstück &#8211; und Wegebefestigungen übernimmt unser GaLa-Bau-Team.</p>
<p>Natursteinarbeiten, Mosaikpflasterungen und auch Pflasterreinigung und Instandsetzung gehören zu unserem Aufgabenbereich. Gerne beraten wir Sie auch frühzeitig bei der Neuanlage Ihres Objektes und arbeite Hand in Hand mit Ihrem Architekten/Bauleiter.</p>
<p>Unsere <a href="https://ramiengala.de/index.php/leistungen/">Leistungen</a> sind vielfältig. Vereinbaren Sie noch heute einen Beratungstermin unter Tel.: <b>Tel.: 0441-83913 </b>oder über unser <a href="https://ramiengala.de/index.php/kontakt/">Kontaktformular</a>. <b>Wir freuen uns auf Ihre Anfrage!</b></p>
</div></section>
<div  class='av-horizontal-gallery av-horizontal-gallery-large-gap av-horizontal-gallery-enlarge-effect av-horizontal-gallery-1  avia-builder-el-3  el_after_av_textblock  avia-builder-el-last  av-control-default '  itemprop="image" itemscope="itemscope" itemtype="https://schema.org/ImageObject"  style='padding: 2.25% 0px;' data-av-enlarge='1.3'  ><div class='avia-slideshow-arrows avia-slideshow-controls'><a href='#prev' class='prev-slide av-horizontal-gallery-prev' aria-hidden='true' data-av_icon='' data-av_iconfont='entypo-fontello'>Zurück</a><a href='#next' class='next-slide av-horizontal-gallery-next' aria-hidden='true' data-av_icon='' data-av_iconfont='entypo-fontello'>Weiter </a></div><div class='av-horizontal-gallery-inner' style='padding-bottom:15%' data-av-height='15'><div class='av-horizontal-gallery-slider'><div class='av-horizontal-gallery-wrap noHover'><img class='av-horizontal-gallery-img' width='960' height='720' src='https://ramiengala.de/wp-content/uploads/2020/01/Udo-Ramien-Galabau-Oldenburg-Beetanlage-Arbeiten-fb.jpg' title='Udo Ramien Galabau Oldenburg Beetanlage Heiligengeiststraße in Oldenburg' alt='gärtner ramiengala heiligengeiststraße oldenburg' /><a href='https://ramiengala.de/wp-content/uploads/2020/01/Udo-Ramien-Galabau-Oldenburg-Beetanlage-Arbeiten-fb.jpg'  class='av-horizontal-gallery-link' aria-hidden='true' data-av_icon='' data-av_iconfont='entypo-fontello' title='Udo Ramien Galabau Oldenburg Beetanlage Heiligengeiststraße in Oldenburg'></a></div><div class='av-horizontal-gallery-wrap noHover'><img class='av-horizontal-gallery-img' width='960' height='720' src='https://ramiengala.de/wp-content/uploads/2020/01/Udo-Ramien-Galabau-Oldenburg-Gartenneuanlage-2-fb.jpg' title='Udo Ramien Galabau Oldenburg Gartenneuanlage 2 fb' alt='' /><a href='https://ramiengala.de/wp-content/uploads/2020/01/Udo-Ramien-Galabau-Oldenburg-Gartenneuanlage-2-fb.jpg'  class='av-horizontal-gallery-link' aria-hidden='true' data-av_icon='' data-av_iconfont='entypo-fontello' title='Udo Ramien Galabau Oldenburg Gartenneuanlage 2 fb'></a></div><div class='av-horizontal-gallery-wrap noHover'><img class='av-horizontal-gallery-img' width='960' height='720' src='https://ramiengala.de/wp-content/uploads/2020/01/Ramiengala-Oldenburg-Arbeit-mit-Erdsicht-fb.jpg' title='Ramiengala Oldenburg Arbeit mit Erdsicht - Tiefbau Pflasterarbeiten. Foto: Haferkamp' alt='erdarbeiten_mitarbeiter_galabau_ramien_oldenburg_haferkamp' /><a href='https://ramiengala.de/wp-content/uploads/2020/01/Ramiengala-Oldenburg-Arbeit-mit-Erdsicht-fb.jpg'  class='av-horizontal-gallery-link' aria-hidden='true' data-av_icon='' data-av_iconfont='entypo-fontello' title='Ramiengala Oldenburg Arbeit mit Erdsicht - Tiefbau Pflasterarbeiten. Foto: Haferkamp'></a></div><div class='av-horizontal-gallery-wrap noHover'><img class='av-horizontal-gallery-img' width='768' height='1024' src='https://ramiengala.de/wp-content/uploads/2020/01/Ramien-Gala-Oldenburg-Nachwuchsförderung-fb-768x1024.jpg' title='Udo Ramien Garten- und Landschaftsbau Oldenburg Nachwuchsförderung. Foto: Haferkamp' alt='nachwuchs_am_bagger_ramienala_oldenburg' /><a href='https://ramiengala.de/wp-content/uploads/2020/01/Ramien-Gala-Oldenburg-Nachwuchsförderung-fb-768x1024.jpg'  class='av-horizontal-gallery-link' aria-hidden='true' data-av_icon='' data-av_iconfont='entypo-fontello' title='Udo Ramien Garten- und Landschaftsbau Oldenburg Nachwuchsförderung. Foto: Haferkamp'></a></div><div class='av-horizontal-gallery-wrap noHover'><img class='av-horizontal-gallery-img' width='960' height='720' src='https://ramiengala.de/wp-content/uploads/2020/01/Ramiengala-Oldenburg-Terrasse-nachher-fb.jpg' title='Ramiengala Oldenburg Terrasse nachher fb' alt='' /><a href='https://ramiengala.de/wp-content/uploads/2020/01/Ramiengala-Oldenburg-Terrasse-nachher-fb.jpg'  class='av-horizontal-gallery-link' aria-hidden='true' data-av_icon='' data-av_iconfont='entypo-fontello' title='Ramiengala Oldenburg Terrasse nachher fb'></a></div><div class='av-horizontal-gallery-wrap noHover'><img class='av-horizontal-gallery-img' width='720' height='960' src='https://ramiengala.de/wp-content/uploads/2020/01/Udo-Ramien-Galabau-Oldenburg-Beetanlage-Fussgängerzone.jpg' title='Udo Ramien Galabau Oldenburg Beetanlage Fussgängerzone' alt='' /><a href='https://ramiengala.de/wp-content/uploads/2020/01/Udo-Ramien-Galabau-Oldenburg-Beetanlage-Fussgängerzone.jpg'  class='av-horizontal-gallery-link' aria-hidden='true' data-av_icon='' data-av_iconfont='entypo-fontello' title='Udo Ramien Galabau Oldenburg Beetanlage Fussgängerzone'></a></div></div></div></div>
