{"id":39,"date":"2020-01-29T10:36:22","date_gmt":"2020-01-29T10:36:22","guid":{"rendered":"https:\/\/ramiengala.de\/?page_id=39"},"modified":"2020-02-10T04:33:07","modified_gmt":"2020-02-10T04:33:07","slug":"baumarbeiten","status":"publish","type":"page","link":"https:\/\/ramiengala.de\/index.php\/baumarbeiten\/","title":{"rendered":"Baumarbeiten"},"content":{"rendered":"<div id='av_section_1'  class='avia-section main_color avia-section-default avia-no-border-styling  av-parallax-section avia-bg-style-parallax  avia-builder-el-0  el_before_av_heading  avia-builder-el-first   av-minimum-height av-minimum-height-custom  container_wrap fullsize' style=' '  data-section-bg-repeat='no-repeat'><div class='av-parallax' data-avia-parallax-ratio='0.3' ><div class='av-parallax-inner main_color  avia-full-stretch' style = 'background-repeat: no-repeat; background-image: url(https:\/\/ramiengala.de\/wp-content\/uploads\/2020\/01\/trees-3464777_-scaled.jpg);background-attachment: scroll; background-position: top left; ' ><\/div><\/div><div class='container' style='height:500px'><main  role=\"main\" itemprop=\"mainContentOfPage\"  class='template-page content  av-content-full alpha units'><div class='post-entry post-entry-type-page post-entry-39'><div class='entry-content-wrapper clearfix'><\/div><\/div><\/main><!-- close content main element --><\/div><\/div><div id='after_section_1'  class='main_color av_default_container_wrap container_wrap fullsize' style=' '  ><div class='container' ><div class='template-page content  av-content-full alpha units'><div class='post-entry post-entry-type-page post-entry-39'><div class='entry-content-wrapper clearfix'>\n<div  style='padding-bottom:10px; color:#83a846;' class='av-special-heading av-special-heading-h2 custom-color-heading blockquote classic-quote  avia-builder-el-1  el_after_av_section  el_before_av_textblock  avia-builder-el-first  '><h2 class='av-special-heading-tag '  itemprop=\"headline\"  >Baumarbeiten<\/h2><div class='special-heading-border'><div class='special-heading-inner-border' style='border-color:#83a846'><\/div><\/div><\/div>\n<section class=\"av_textblock_section \"  itemscope=\"itemscope\" itemtype=\"https:\/\/schema.org\/CreativeWork\" ><div class='avia_textblock  '   itemprop=\"text\" ><p>Kein Baum ist wie der andere. Unser Gesch\u00e4ftsf\u00fchrer Lutz Haferkamp \u00fcberpr\u00fcft als \u00f6ffentlich durch die <a href=\"https:\/\/www.lwk-niedersachsen.de\/\" target=\"_blank\" rel=\"noopener noreferrer\">Landwirtschaftskammer Niedersachsen<\/a> bestellter, vereidigter Sachverst\u00e4ndiger f\u00fcr Baumpflege und Baumstatik die Statik von B\u00e4umen in privaten und \u00f6ffentlichen Bereichen.<\/p>\n<p>Mit unserem modernen Maschinenpark \u00fcbernehmen wir Baumf\u00e4llungen, Baumstubbenfr\u00e4sen, R\u00fcckschnitt und auch Baumversetzungen. Unser geschultes Fachpersonal setzt hierbei unter anderem die Seilklettertechnik ein. Auch Hubsteigearbeiten und Totholzentfernungen sowie Gr\u00fcnr\u00fcckschnitt samt Abfuhr \u00fcbernehmen wir f\u00fcr unsere Kunden.<\/p>\n<p>Unsere <a href=\"https:\/\/ramiengala.de\/index.php\/leistungen\/\" target=\"_blank\" rel=\"noopener\">Leistungen<\/a> sind vielf\u00e4ltig. Vereinbaren Sie noch heute einen Beratungstermin unter <strong>Tel.: 0441-83913<\/strong> oder \u00fcber unser <a href=\"https:\/\/ramiengala.de\/index.php\/kontakt\/\" target=\"_blank\" rel=\"noopener\">Kontaktformular<\/a>. <strong>Wir freuen uns auf Ihre Anfrage!<\/strong><\/p>\n<\/div><\/section>\n<div  class='av-horizontal-gallery av-horizontal-gallery-large-gap av-horizontal-gallery-enlarge-effect av-horizontal-gallery-1  avia-builder-el-3  el_after_av_textblock  avia-builder-el-last  av-control-default '  itemprop=\"image\" itemscope=\"itemscope\" itemtype=\"https:\/\/schema.org\/ImageObject\"  style='padding: 2.25% 0px;' data-av-enlarge='1.3'  ><div class='avia-slideshow-arrows avia-slideshow-controls'><a href='#prev' class='prev-slide av-horizontal-gallery-prev' aria-hidden='true' data-av_icon='\ue87c' data-av_iconfont='entypo-fontello'>Zur\u00fcck<\/a><a href='#next' class='next-slide av-horizontal-gallery-next' aria-hidden='true' data-av_icon='\ue87d' data-av_iconfont='entypo-fontello'>Weiter <\/a><\/div><div class='av-horizontal-gallery-inner' style='padding-bottom:15%' data-av-height='15'><div class='av-horizontal-gallery-slider'><div class='av-horizontal-gallery-wrap noHover'><img class='av-horizontal-gallery-img' width='960' height='720' src='https:\/\/ramiengala.de\/wp-content\/uploads\/2020\/01\/Udo-Ramien-Galabau-Oldenburg-Beetanlage-Arbeiten-fb.jpg' title='Udo Ramien Galabau Oldenburg Beetanlage Heiligengeiststra\u00dfe in Oldenburg' alt='g\u00e4rtner ramiengala heiligengeiststra\u00dfe oldenburg' \/><a href='https:\/\/ramiengala.de\/wp-content\/uploads\/2020\/01\/Udo-Ramien-Galabau-Oldenburg-Beetanlage-Arbeiten-fb.jpg'  class='av-horizontal-gallery-link' aria-hidden='true' data-av_icon='\ue869' data-av_iconfont='entypo-fontello' title='Udo Ramien Galabau Oldenburg Beetanlage Heiligengeiststra\u00dfe in Oldenburg'><\/a><\/div><div class='av-horizontal-gallery-wrap noHover'><img class='av-horizontal-gallery-img' width='960' height='720' src='https:\/\/ramiengala.de\/wp-content\/uploads\/2020\/01\/Ramien-gala-Oldenburg-Baumstubbenfr\u00e4sen-fb.jpg' title='Ramien gala Oldenburg Baumstubbenfr\u00e4sen fb' alt='baumstubben-fr\u00e4sen-oldenburg-ramiengala' \/><a href='https:\/\/ramiengala.de\/wp-content\/uploads\/2020\/01\/Ramien-gala-Oldenburg-Baumstubbenfr\u00e4sen-fb.jpg'  class='av-horizontal-gallery-link' aria-hidden='true' data-av_icon='\ue869' data-av_iconfont='entypo-fontello' title='Ramien gala Oldenburg Baumstubbenfr\u00e4sen fb'><\/a><\/div><div class='av-horizontal-gallery-wrap noHover'><img class='av-horizontal-gallery-img' width='768' height='1024' src='https:\/\/ramiengala.de\/wp-content\/uploads\/2020\/01\/Ramien-Gala-Oldenburg-Nachwuchsf\u00f6rderung-fb-768x1024.jpg' title='Udo Ramien Garten- und Landschaftsbau Oldenburg Nachwuchsf\u00f6rderung. Foto: Haferkamp' alt='nachwuchs_am_bagger_ramienala_oldenburg' \/><a href='https:\/\/ramiengala.de\/wp-content\/uploads\/2020\/01\/Ramien-Gala-Oldenburg-Nachwuchsf\u00f6rderung-fb-768x1024.jpg'  class='av-horizontal-gallery-link' aria-hidden='true' data-av_icon='\ue869' data-av_iconfont='entypo-fontello' title='Udo Ramien Garten- und Landschaftsbau Oldenburg Nachwuchsf\u00f6rderung. Foto: Haferkamp'><\/a><\/div><div class='av-horizontal-gallery-wrap noHover'><img class='av-horizontal-gallery-img' width='576' height='1024' src='https:\/\/ramiengala.de\/wp-content\/uploads\/2020\/01\/Ramiengala-Oldenburg-Baumarbeiten-Holz-Baumf\u00e4llung-fb-576x1024.jpg' title='Ramiengala Oldenburg Baumarbeiten Holz Baumf\u00e4llung fb' alt='' \/><a href='https:\/\/ramiengala.de\/wp-content\/uploads\/2020\/01\/Ramiengala-Oldenburg-Baumarbeiten-Holz-Baumf\u00e4llung-fb-576x1024.jpg'  class='av-horizontal-gallery-link' aria-hidden='true' data-av_icon='\ue869' data-av_iconfont='entypo-fontello' title='Ramiengala Oldenburg Baumarbeiten Holz Baumf\u00e4llung fb'><\/a><\/div><div class='av-horizontal-gallery-wrap noHover'><img class='av-horizontal-gallery-img' width='960' height='720' src='https:\/\/ramiengala.de\/wp-content\/uploads\/2020\/01\/Udo-Ramien-Galabau-Oldenburg-Baumsicht-von-oben-fb.jpg' title='Udo Ramien Galabau Oldenburg Baumsicht von oben fb' alt='' \/><a href='https:\/\/ramiengala.de\/wp-content\/uploads\/2020\/01\/Udo-Ramien-Galabau-Oldenburg-Baumsicht-von-oben-fb.jpg'  class='av-horizontal-gallery-link' aria-hidden='true' data-av_icon='\ue869' data-av_iconfont='entypo-fontello' title='Udo Ramien Galabau Oldenburg Baumsicht von oben fb'><\/a><\/div><div class='av-horizontal-gallery-wrap noHover'><img class='av-horizontal-gallery-img' width='720' height='960' src='https:\/\/ramiengala.de\/wp-content\/uploads\/2020\/01\/Udo-Ramien-Galabau-Oldenburg-Beetanlage-Fussg\u00e4ngerzone.jpg' title='Udo Ramien Galabau Oldenburg Beetanlage Fussg\u00e4ngerzone' alt='' \/><a href='https:\/\/ramiengala.de\/wp-content\/uploads\/2020\/01\/Udo-Ramien-Galabau-Oldenburg-Beetanlage-Fussg\u00e4ngerzone.jpg'  class='av-horizontal-gallery-link' aria-hidden='true' data-av_icon='\ue869' data-av_iconfont='entypo-fontello' title='Udo Ramien Galabau Oldenburg Beetanlage Fussg\u00e4ngerzone'><\/a><\/div><\/div><\/div><\/div>\n","protected":false},"excerpt":{"rendered":"","protected":false},"author":2,"featured_media":0,"parent":0,"menu_order":0,"comment_status":"closed","ping_status":"closed","template":"","meta":{"_seopress_robots_primary_cat":"","_seopress_titles_title":"","_seopress_titles_desc":"","_seopress_robots_index":"","footnotes":""},"class_list":["post-39","page","type-page","status-publish","hentry"],"_links":{"self":[{"href":"https:\/\/ramiengala.de\/index.php\/wp-json\/wp\/v2\/pages\/39"}],"collection":[{"href":"https:\/\/ramiengala.de\/index.php\/wp-json\/wp\/v2\/pages"}],"about":[{"href":"https:\/\/ramiengala.de\/index.php\/wp-json\/wp\/v2\/types\/page"}],"author":[{"embeddable":true,"href":"https:\/\/ramiengala.de\/index.php\/wp-json\/wp\/v2\/users\/2"}],"replies":[{"embeddable":true,"href":"https:\/\/ramiengala.de\/index.php\/wp-json\/wp\/v2\/comments?post=39"}],"version-history":[{"count":14,"href":"https:\/\/ramiengala.de\/index.php\/wp-json\/wp\/v2\/pages\/39\/revisions"}],"predecessor-version":[{"id":573,"href":"https:\/\/ramiengala.de\/index.php\/wp-json\/wp\/v2\/pages\/39\/revisions\/573"}],"wp:attachment":[{"href":"https:\/\/ramiengala.de\/index.php\/wp-json\/wp\/v2\/media?parent=39"}],"curies":[{"name":"wp","href":"https:\/\/api.w.org\/{rel}","templated":true}]}}