{"id":18,"date":"2020-01-29T10:31:51","date_gmt":"2020-01-29T10:31:51","guid":{"rendered":"https:\/\/ramiengala.de\/?page_id=18"},"modified":"2023-12-24T12:35:37","modified_gmt":"2023-12-24T12:35:37","slug":"aktuelles","status":"publish","type":"page","link":"https:\/\/ramiengala.de\/index.php\/aktuelles\/","title":{"rendered":"Aktuelles"},"content":{"rendered":"<div id='av_section_1'  class='avia-section main_color avia-section-default avia-no-border-styling  av-parallax-section avia-bg-style-parallax  avia-builder-el-0  el_before_av_heading  avia-builder-el-first   av-minimum-height av-minimum-height-custom  container_wrap fullsize' style=' '  data-section-bg-repeat='no-repeat'><div class='av-parallax' data-avia-parallax-ratio='0.3' ><div class='av-parallax-inner main_color  avia-full-stretch' style = 'background-repeat: no-repeat; background-image: url(https:\/\/ramiengala.de\/wp-content\/uploads\/2020\/02\/Ramiengala-Oldenburg-Garten-Foto-Pixabay-James-de-Mers-knot-garden-58452-1500x361.jpg);background-attachment: scroll; background-position: top left; ' ><\/div><\/div><div class='container' style='height:500px'><main  role=\"main\" itemprop=\"mainContentOfPage\"  class='template-page content  av-content-full alpha units'><div class='post-entry post-entry-type-page post-entry-18'><div class='entry-content-wrapper clearfix'><\/div><\/div><\/main><!-- close content main element --><\/div><\/div><div id='after_section_1'  class='main_color av_default_container_wrap container_wrap fullsize' style=' '  ><div class='container' ><div class='template-page content  av-content-full alpha units'><div class='post-entry post-entry-type-page post-entry-18'><div class='entry-content-wrapper clearfix'>\n<div  style='padding-bottom:10px; color:#83a846;' class='av-special-heading av-special-heading-h2 custom-color-heading blockquote classic-quote  avia-builder-el-1  el_after_av_section  el_before_av_one_half  avia-builder-el-first  '><h2 class='av-special-heading-tag '  itemprop=\"headline\"  >Aktuelles<\/h2><div class='special-heading-border'><div class='special-heading-inner-border' style='border-color:#83a846'><\/div><\/div><\/div>\n<div class=\"flex_column av_one_half  flex_column_div av-zero-column-padding first  avia-builder-el-2  el_after_av_heading  el_before_av_one_half  \" style='border-radius:0px; '><p><div  class='avia-image-container  av-styling-no-styling    avia-builder-el-3  el_before_av_heading  avia-builder-el-first  avia-align-center '  itemprop=\"image\" itemscope=\"itemscope\" itemtype=\"https:\/\/schema.org\/ImageObject\"  ><div class='avia-image-container-inner'><div class='avia-image-overlay-wrap'><img class='avia_image' src='https:\/\/ramiengala.de\/wp-content\/uploads\/2023\/12\/Weihnachtsgruss_2023_Ramien_GalaBau-300x225.jpg' alt='Frohe Weihnachten und einen guten Rutsch' title='Frohe Weihnachten und einen guten Rutsch' height=\"225\" width=\"300\"  itemprop=\"thumbnailUrl\"  \/><\/div><\/div><\/div><br \/>\n<div  style='padding-bottom:10px; color:#83a846;' class='av-special-heading av-special-heading-h4 custom-color-heading blockquote classic-quote  avia-builder-el-4  el_after_av_image  el_before_av_textblock  '><h4 class='av-special-heading-tag '  itemprop=\"headline\"  >Frohe Weihnachten<\/h4><div class='special-heading-border'><div class='special-heading-inner-border' style='border-color:#83a846'><\/div><\/div><\/div><br \/>\n<section class=\"av_textblock_section \"  itemscope=\"itemscope\" itemtype=\"https:\/\/schema.org\/CreativeWork\" ><div class='avia_textblock  '   itemprop=\"text\" ><p>Wir w\u00fcnschen allen Mitarbeitern, Gesch\u00e4ftspartnern und Kunden frohe Weihnachten und ein gesundes und gl\u00fcckliches neues Jahr.<\/p>\n<p>Wir m\u00f6chten uns bei allen f\u00fcr die gute Zusammenarbeit im vergangenen Jahr bedanken und freuen uns auf ein spannendes neues Jahr.<\/p>\n<p>Familie Haferkamp<\/p>\n<\/div><\/section><\/p><\/div><div class=\"flex_column av_one_half  flex_column_div av-zero-column-padding   avia-builder-el-6  el_after_av_one_half  el_before_av_one_half  \" style='border-radius:0px; '><p><div  class='avia-image-container  av-styling-no-styling    avia-builder-el-7  el_before_av_heading  avia-builder-el-first  avia-align-center '  itemprop=\"image\" itemscope=\"itemscope\" itemtype=\"https:\/\/schema.org\/ImageObject\"  ><div class='avia-image-container-inner'><div class='avia-image-overlay-wrap'><img class='avia_image' src='https:\/\/ramiengala.de\/wp-content\/uploads\/2020\/01\/Udo-Ramien-Galabau-Oldenburg-Beetanlage-Fussg\u00e4ngerzone-225x300.jpg' alt='' title='Udo Ramien Galabau Oldenburg Beetanlage Fussg\u00e4ngerzone' height=\"300\" width=\"225\"  itemprop=\"thumbnailUrl\"  \/><\/div><\/div><\/div><br \/>\n<div  style='padding-bottom:10px; color:#83a846;' class='av-special-heading av-special-heading-h4 custom-color-heading blockquote classic-quote  avia-builder-el-8  el_after_av_image  el_before_av_textblock  '><h4 class='av-special-heading-tag '  itemprop=\"headline\"  >Oldenburger Stadtg\u00e4rten<\/h4><div class='special-heading-border'><div class='special-heading-inner-border' style='border-color:#83a846'><\/div><\/div><\/div><br \/>\n<section class=\"av_textblock_section \"  itemscope=\"itemscope\" itemtype=\"https:\/\/schema.org\/CreativeWork\" ><div class='avia_textblock  '   itemprop=\"text\" ><p><strong>Wir sind dabei! <\/strong>Einen Bericht \u00fcber unsere Arbeiten im Abraham-Viertel in der Stadt Oldenburg zum Thema 25. CSD aus Juni 2019 (<a href=\"https:\/\/www.nwzonline.de\/stadtteilcheck-oldenburg\/neuenwege-blankenburg-neuenwege-und-blankenburg-im-stadtteilcheck-frische-luft-und-viel-gruen-als-pluspunkte_a_50,6,2144595945.html\" target=\"_blank\" rel=\"noopener noreferrer\">Nordwest-Zeitung<\/a>) finden Sie <a href=\"https:\/\/www.nwzonline.de\/gartenzeit\/regenbogenfarben-stadtgarten-abraham_a_50,4,3986656113.html\" target=\"_blank\" rel=\"noopener noreferrer\">hier&#8230;<\/a><\/p>\n<\/div><\/section><\/p><\/div><\/p>\n<div class=\"flex_column av_one_half  flex_column_div av-zero-column-padding first  avia-builder-el-10  el_after_av_one_half  avia-builder-el-last  column-top-margin\" style='border-radius:0px; '><p><div  class='avia-image-container  av-styling-no-styling    avia-builder-el-11  el_before_av_hr  avia-builder-el-first  avia-align-center '  itemprop=\"image\" itemscope=\"itemscope\" itemtype=\"https:\/\/schema.org\/ImageObject\"  ><div class='avia-image-container-inner'><div class='avia-image-overlay-wrap'><img class='avia_image' src='https:\/\/ramiengala.de\/wp-content\/uploads\/2020\/02\/Vera-und-Lutz-Haferkamp-Foto-Nordwest-Zeitung-12-2019-300x218.jpg' alt='vera_lutz_haferkamp_ramiengala' title='Galabau Ramien - Ramiengala Oldenburg. Vera und Lutz Haferkamp - www.Ramiengala.de - Foto Nordwest-Zeitung 12-2019' height=\"218\" width=\"300\"  itemprop=\"thumbnailUrl\"  \/><\/div><\/div><\/div><br \/>\n<div  style='height:60px' class='hr hr-invisible   avia-builder-el-12  el_after_av_image  el_before_av_heading '><span class='hr-inner ' ><span class='hr-inner-style'><\/span><\/span><\/div><br \/>\n<div  style='padding-bottom:10px; color:#83a846;' class='av-special-heading av-special-heading-h4 custom-color-heading blockquote classic-quote  avia-builder-el-13  el_after_av_hr  el_before_av_textblock  '><h4 class='av-special-heading-tag '  itemprop=\"headline\"  >Gr\u00fcn als Pluspunkt<\/h4><div class='special-heading-border'><div class='special-heading-inner-border' style='border-color:#83a846'><\/div><\/div><\/div><br \/>\n<section class=\"av_textblock_section \"  itemscope=\"itemscope\" itemtype=\"https:\/\/schema.org\/CreativeWork\" ><div class='avia_textblock  '   itemprop=\"text\" ><p>Neuenwege und Blankenburg im Stadteil-Check.<\/p>\n<p>Unsere &#8222;Senior-Chefs&#8220; Lutz + Vera Haferkamp im Interview mit der <a href=\"https:\/\/www.nwzonline.de\/stadtteilcheck-oldenburg\/neuenwege-blankenburg-neuenwege-und-blankenburg-im-stadtteilcheck-frische-luft-und-viel-gruen-als-pluspunkte_a_50,6,2144595945.html\" target=\"_blank\" rel=\"noopener noreferrer\">Nordwest-Zeitung hier &#8230;<\/a><\/p>\n<\/div><\/section><\/p><\/div>\n","protected":false},"excerpt":{"rendered":"","protected":false},"author":2,"featured_media":0,"parent":0,"menu_order":0,"comment_status":"closed","ping_status":"closed","template":"","meta":{"_seopress_robots_primary_cat":"","_seopress_titles_title":"","_seopress_titles_desc":"","_seopress_robots_index":"","footnotes":""},"class_list":["post-18","page","type-page","status-publish","hentry"],"_links":{"self":[{"href":"https:\/\/ramiengala.de\/index.php\/wp-json\/wp\/v2\/pages\/18"}],"collection":[{"href":"https:\/\/ramiengala.de\/index.php\/wp-json\/wp\/v2\/pages"}],"about":[{"href":"https:\/\/ramiengala.de\/index.php\/wp-json\/wp\/v2\/types\/page"}],"author":[{"embeddable":true,"href":"https:\/\/ramiengala.de\/index.php\/wp-json\/wp\/v2\/users\/2"}],"replies":[{"embeddable":true,"href":"https:\/\/ramiengala.de\/index.php\/wp-json\/wp\/v2\/comments?post=18"}],"version-history":[{"count":15,"href":"https:\/\/ramiengala.de\/index.php\/wp-json\/wp\/v2\/pages\/18\/revisions"}],"predecessor-version":[{"id":854,"href":"https:\/\/ramiengala.de\/index.php\/wp-json\/wp\/v2\/pages\/18\/revisions\/854"}],"wp:attachment":[{"href":"https:\/\/ramiengala.de\/index.php\/wp-json\/wp\/v2\/media?parent=18"}],"curies":[{"name":"wp","href":"https:\/\/api.w.org\/{rel}","templated":true}]}}

<div id='av_section_1'  class='avia-section main_color avia-section-default avia-no-border-styling  av-parallax-section avia-bg-style-parallax  avia-builder-el-0  el_before_av_heading  avia-builder-el-first   av-minimum-height av-minimum-height-custom  container_wrap fullsize' style=' '  data-section-bg-repeat='no-repeat'><div class='av-parallax' data-avia-parallax-ratio='0.3' ><div class='av-parallax-inner main_color  avia-full-stretch' style = 'background-repeat: no-repeat; background-image: url(https://ramiengala.de/wp-content/uploads/2020/02/Ramiengala-Oldenburg-Garten-Foto-Pixabay-James-de-Mers-knot-garden-58452-1500x361.jpg);background-attachment: scroll; background-position: top left; ' ></div></div><div class='container' style='height:500px'><main  role="main" itemprop="mainContentOfPage"  class='template-page content  av-content-full alpha units'><div class='post-entry post-entry-type-page post-entry-18'><div class='entry-content-wrapper clearfix'></div></div></main><!-- close content main element --></div></div><div id='after_section_1'  class='main_color av_default_container_wrap container_wrap fullsize' style=' '  ><div class='container' ><div class='template-page content  av-content-full alpha units'><div class='post-entry post-entry-type-page post-entry-18'><div class='entry-content-wrapper clearfix'>
<div  style='padding-bottom:10px; color:#83a846;' class='av-special-heading av-special-heading-h2 custom-color-heading blockquote classic-quote  avia-builder-el-1  el_after_av_section  el_before_av_one_half  avia-builder-el-first  '><h2 class='av-special-heading-tag '  itemprop="headline"  >Aktuelles</h2><div class='special-heading-border'><div class='special-heading-inner-border' style='border-color:#83a846'></div></div></div>
<div class="flex_column av_one_half  flex_column_div av-zero-column-padding first  avia-builder-el-2  el_after_av_heading  el_before_av_one_half  " style='border-radius:0px; '><p><div  class='avia-image-container  av-styling-no-styling    avia-builder-el-3  el_before_av_heading  avia-builder-el-first  avia-align-center '  itemprop="image" itemscope="itemscope" itemtype="https://schema.org/ImageObject"  ><div class='avia-image-container-inner'><div class='avia-image-overlay-wrap'><img class='avia_image' src='https://ramiengala.de/wp-content/uploads/2023/12/Weihnachtsgruss_2023_Ramien_GalaBau-300x225.jpg' alt='Frohe Weihnachten und einen guten Rutsch' title='Frohe Weihnachten und einen guten Rutsch' height="225" width="300"  itemprop="thumbnailUrl"  /></div></div></div><br />
<div  style='padding-bottom:10px; color:#83a846;' class='av-special-heading av-special-heading-h4 custom-color-heading blockquote classic-quote  avia-builder-el-4  el_after_av_image  el_before_av_textblock  '><h4 class='av-special-heading-tag '  itemprop="headline"  >Frohe Weihnachten</h4><div class='special-heading-border'><div class='special-heading-inner-border' style='border-color:#83a846'></div></div></div><br />
<section class="av_textblock_section "  itemscope="itemscope" itemtype="https://schema.org/CreativeWork" ><div class='avia_textblock  '   itemprop="text" ><p>Wir wünschen allen Mitarbeitern, Geschäftspartnern und Kunden frohe Weihnachten und ein gesundes und glückliches neues Jahr.</p>
<p>Wir möchten uns bei allen für die gute Zusammenarbeit im vergangenen Jahr bedanken und freuen uns auf ein spannendes neues Jahr.</p>
<p>Familie Haferkamp</p>
</div></section></p></div><div class="flex_column av_one_half  flex_column_div av-zero-column-padding   avia-builder-el-6  el_after_av_one_half  el_before_av_one_half  " style='border-radius:0px; '><p><div  class='avia-image-container  av-styling-no-styling    avia-builder-el-7  el_before_av_heading  avia-builder-el-first  avia-align-center '  itemprop="image" itemscope="itemscope" itemtype="https://schema.org/ImageObject"  ><div class='avia-image-container-inner'><div class='avia-image-overlay-wrap'><img class='avia_image' src='https://ramiengala.de/wp-content/uploads/2020/01/Udo-Ramien-Galabau-Oldenburg-Beetanlage-Fussgängerzone-225x300.jpg' alt='' title='Udo Ramien Galabau Oldenburg Beetanlage Fussgängerzone' height="300" width="225"  itemprop="thumbnailUrl"  /></div></div></div><br />
<div  style='padding-bottom:10px; color:#83a846;' class='av-special-heading av-special-heading-h4 custom-color-heading blockquote classic-quote  avia-builder-el-8  el_after_av_image  el_before_av_textblock  '><h4 class='av-special-heading-tag '  itemprop="headline"  >Oldenburger Stadtgärten</h4><div class='special-heading-border'><div class='special-heading-inner-border' style='border-color:#83a846'></div></div></div><br />
<section class="av_textblock_section "  itemscope="itemscope" itemtype="https://schema.org/CreativeWork" ><div class='avia_textblock  '   itemprop="text" ><p><strong>Wir sind dabei! </strong>Einen Bericht über unsere Arbeiten im Abraham-Viertel in der Stadt Oldenburg zum Thema 25. CSD aus Juni 2019 (<a href="https://www.nwzonline.de/stadtteilcheck-oldenburg/neuenwege-blankenburg-neuenwege-und-blankenburg-im-stadtteilcheck-frische-luft-und-viel-gruen-als-pluspunkte_a_50,6,2144595945.html" target="_blank" rel="noopener noreferrer">Nordwest-Zeitung</a>) finden Sie <a href="https://www.nwzonline.de/gartenzeit/regenbogenfarben-stadtgarten-abraham_a_50,4,3986656113.html" target="_blank" rel="noopener noreferrer">hier&#8230;</a></p>
</div></section></p></div></p>
<div class="flex_column av_one_half  flex_column_div av-zero-column-padding first  avia-builder-el-10  el_after_av_one_half  avia-builder-el-last  column-top-margin" style='border-radius:0px; '><p><div  class='avia-image-container  av-styling-no-styling    avia-builder-el-11  el_before_av_hr  avia-builder-el-first  avia-align-center '  itemprop="image" itemscope="itemscope" itemtype="https://schema.org/ImageObject"  ><div class='avia-image-container-inner'><div class='avia-image-overlay-wrap'><img class='avia_image' src='https://ramiengala.de/wp-content/uploads/2020/02/Vera-und-Lutz-Haferkamp-Foto-Nordwest-Zeitung-12-2019-300x218.jpg' alt='vera_lutz_haferkamp_ramiengala' title='Galabau Ramien - Ramiengala Oldenburg. Vera und Lutz Haferkamp - www.Ramiengala.de - Foto Nordwest-Zeitung 12-2019' height="218" width="300"  itemprop="thumbnailUrl"  /></div></div></div><br />
<div  style='height:60px' class='hr hr-invisible   avia-builder-el-12  el_after_av_image  el_before_av_heading '><span class='hr-inner ' ><span class='hr-inner-style'></span></span></div><br />
<div  style='padding-bottom:10px; color:#83a846;' class='av-special-heading av-special-heading-h4 custom-color-heading blockquote classic-quote  avia-builder-el-13  el_after_av_hr  el_before_av_textblock  '><h4 class='av-special-heading-tag '  itemprop="headline"  >Grün als Pluspunkt</h4><div class='special-heading-border'><div class='special-heading-inner-border' style='border-color:#83a846'></div></div></div><br />
<section class="av_textblock_section "  itemscope="itemscope" itemtype="https://schema.org/CreativeWork" ><div class='avia_textblock  '   itemprop="text" ><p>Neuenwege und Blankenburg im Stadteil-Check.</p>
<p>Unsere &#8222;Senior-Chefs&#8220; Lutz + Vera Haferkamp im Interview mit der <a href="https://www.nwzonline.de/stadtteilcheck-oldenburg/neuenwege-blankenburg-neuenwege-und-blankenburg-im-stadtteilcheck-frische-luft-und-viel-gruen-als-pluspunkte_a_50,6,2144595945.html" target="_blank" rel="noopener noreferrer">Nordwest-Zeitung hier &#8230;</a></p>
</div></section></p></div>
